02130 + 2?
-302122
In base 15, what is 146 + -7bd?
-677
In base 2, what is -1 + -1100000011011?
-1100000011100
In base 12, what is 15 - 1243?
-122a
In base 2, what is -10010111111111010010110 + 100?
-10010111111111010010010
In base 7, what is 10024 - 66?
6625
In base 6, what is 130424132 - -2?
130424134
In base 8, what is 123667 + -2?
123665
In base 12, what is -6 + -4b67?
-4b71
In base 5, what is -3 + -202342?
-202400
In base 6, what is -10553414 + -5?
-10553423
In base 13, what is -4 - -2b787?
2b783
In base 3, what is 2 - -1102101021212?
1102101021221
In base 2, what is -110 + -10011111010000?
-10011111010110
In base 14, what is 5d45 + 8?
5d4d
In base 6, what is -24 - 245510?
-245534
In base 4, what is -23 - -1331333?
1331310
In base 14, what is 3019b + -1c?
3017d
In base 3, what is 101 - 2202002?
-2201201
In base 13, what is -4 - 4b36?
-4b3a
In base 16, what is -3 - -42b5?
42b2
In base 9, what is -10315 - -163?
-10142
In base 7, what is 34 - -2155?
2222
In base 3, what is 221221122120 + -10?
221221122110
In base 4, what is 10302333 + -3?
10302330
In base 10, what is 0 - -309719?
309719
In base 6, what is 4 + 214201?
214205
In base 10, what is 26 - -780?
806
In base 8, what is -1 - -11052?
11051
In base 9, what is -1321 - 1402?
-2723
In base 7, what is -20 - -1222503?
1222453
In base 12, what is -415 + 52?
-383
In base 3, what is 12 + -111210220111?
-111210220022
In base 7, what is 11 + -10141?
-10130
In base 6, what is 222552 - 2?
222550
In base 8, what is 370 - 153?
215
In base 8, what is -126 + 22501?
22353
In base 13, what is -3175 - 4?
-3179
In base 14, what is -32655 + 0?
-32655
In base 3, what is -2011001112 + -2?
-2011001121
In base 2, what is 11 + 100100010010111100?
100100010010111111
In base 12, what is 132 + 827?
959
In base 16, what is -46 - 9ad?
-9f3
In base 9, what is -761154 - 5?
-761160
In base 9, what is -17 - 28682?
-28710
In base 14, what is 3 - -56a6?
56a9
In base 14, what is -b + -1b081?
-1b08c
In base 14, what is -22a3 + 1a?
-2287
In base 15, what is 1 + 5004?
5005
In base 6, what is -22232215 + -5?
-22232224
In base 14, what is 5d5 - -1c?
613
In base 10, what is -496276 + 5?
-496271
In base 3, what is 1000 - 101011112?
-101010112
In base 16, what is 397abe - 2?
397abc
In base 5, what is 1144403 - 21?
1144332
In base 2, what is -1101100110 - 10100010?
-10000001000
In base 13, what is -5 - -2605?
2600
In base 5, what is 32301333 + 1?
32301334
In base 13, what is 649 - -8?
654
In base 8, what is -417 + -202?
-621
In base 2, what is 10010000011000001 + -10?
10010000010111111
In base 16, what is 1ffd1 + 0?
1ffd1
In base 10, what is -2 + 238393?
238391
In base 14, what is 53 + -394d?
-38da
In base 7, what is 304511 - 0?
304511
In base 15, what is -16d37 + 1b?
-16d1b
In base 11, what is -41 - a268?
-a2a9
In base 8, what is -10 - 6637?
-6647
In base 9, what is 3 + -122013?
-122010
In base 12, what is -30 + -8b2?
-922
In base 3, what is -10201211201 - 12?
-10201211220
In base 3, what is -1001 + -201020?
-202021
In base 5, what is 10 - 220110421?
-220110411
In base 7, what is 10004 - -444?
10451
In base 15, what is -2c060 + 5?
-2c05a
In base 12, what is 6b19 - -14?
6b31
In base 11, what is 427001 - 5?
426aa7
In base 4, what is -1223023 + -11001?
-1300030
In base 12, what is 39514 - 3?
39511
In base 7, what is -266061 - -1?
-266060
In base 13, what is 30cc6 + 0?
30cc6
In base 12, what is 35b2 - 18?
3596
In base 15, what is 6 + 213e?
2145
In base 16, what is -647 + 2e9?
-35e
In base 7, what is 154010 + -4?
154003
In base 13, what is 867 + 34?
89b
In base 9, what is -11 - -214554?
214543
In base 5, what is -431432122 + 3?
-431432114
In base 2, what is 110011110 - 1101011111?
-111000001
In base 15, what is 2 + -12c88?
-12c86
In base 15, what is 19ea77 - 1?
19ea76
In base 15, what is 320446 + -5?
320441
In base 16, what is 3 - 5a9a?
-5a97
In base 8, what is 672704 + -4?
672700
In base 4, what is -1222301133 + 0?
-1222301133
In base 2, what is -1111000011000011001 + -1?
-1111000011000011010
In base 14, what is 1 - -d806?
d807
In base 5, what is 42 + 243?
340
In base 11, what is 3 - 12a53?
-12a50
In base 3, what is 2101221102022 + 1?
2101221102100
In base 2, what is -10000001 - -1101101?
-10100
In base 10, what is -2 + 443581?
443579
In base 13, what is -1 - -5ba95?
5ba94
In base 12, what is -79 + -24?
-a1
In base 14, what is 15606 + -5?
15601
In base 6, what is -1543 - -40512?
34525
In base 6, what is -1041 - -2001?
520
In base 3, what is 2012211121 + -2?
2012211112
In base 14, what is 10ba9 - 3?
10ba6
In base 5, what is -3 + -400412132?
-400412140
In base 14, what is -6aca - -4?
-6ac6
In base 8, what is -2 - 12365?
-12367
In base 8, what is 2 - -34607?
34611
In base 3, what is 212 - -20022222?
20100211
In base 7, what is 25413 + -12?
25401
In base 9, what is 0 - 13582?
-13582
In base 9, what is 3 - -1575?
1578
In base 15, what is -2d - ebc?
-eea
In base 10, what is -10 + 25863?
25853
In base 15, what is 7 - 4c96?
-4c8e
In base 5, what is 12421222 - -3?
12421230
In base 15, what is 43e503 + -4?
43e4ee
In base 16, what is 2 + 72a3?
72a5
In base 11, what is -5 + -95913?
-95918
In base 2, what is 101011111100 - -100001011?
110000000111
In base 8, what is -4 - 1041640?
-1041644
In base 15, what is -194a - -20?
-192a
In base 3, what is 1002201111112 + 1?
1002201111120
In base 5, what is -100320 + -3?
-100323
In base 3, what is 11201200120 + -10?
11201200110
In base 3, what is 1021 - 100011?
-21220
In base 12, what is 93806 - -4?
9380a
In base 15, what is 1c8 - -68?
241
In base 10, what is -4 - -36348?
36344
In base 4, what is -1200123200 + 1?
-1200123133
In base 7, what is 1 - -1400146?
1400150
In base 2, what is 1110010011010 - -1000001?
1110011011011
In base 11, what is 339a + -140?
325a
In base 16, what is -ac8f + -2?
-ac91
In base 11, what is -7 + 2585?
2579
In base 14, what is -9 + -91ad?
-91b8
In base 3, what is -201 - -10120110?
10112202
In base 7, what is -26 + -16504?
-16533
In base 15, what is 23b50 - 11?
23b3e
In base 14, what is -3 + 5ba3?
5ba0
In base 15, what is 781 + 1?
782
In base 2, what is 100 + -100001110101?
-100001110001
In base 8, what is 116 - 52230?
-52112
In base 13, what is 14 - -643c?
6453
In base 8, what is 5062520 + 4?
5062524
In base 13, what is -1b85c3 + -3?
-1b85c6
In base 12, what is -4 - 13923?
-13927
In base 4, what is 3110 - -2232231?
2302001
In base 4, what is 1211 - 1210?
1
In base 4, what is -232121 + -23?
-232210
In base 16, what is 13a - 103c?
-f02
In base 2, what is 1001011 - 10110010110?
-10101001011
In base 16, what is -6 - -f02?
efc
In base 3, what is 2221012 - -112201?
10110220
In base 12, what is 1 + 54b49?
54b4a
In base 11, what is -4 + -153a87?
-153a90
In base 13, what is c - -35a?
369
In base 14, what is -4 - 13995?
-13999
In base 6, what is -432212 + -1?
-432213
In base 13, what is -846 + -143?
-989
In base 10, what is 5 - 426733?
-426728
In base 14, what is 5 - -bc4?
bc9
In base 9, what is 332 - 48?
273
In base 4, what is -11013231 + 1?
-11013230
In base 4, what is 2 - -1312110?
1312112
In base 13, what is -5ca3 + a5?
-5bcb
In base 16, what is -29a8 - 8?
-29b0
In base 15, what is 19 + -1dea3?
-1de89
In base 10, what is 169399 + -31?
169368
In base 5, what is 11222414 + 10?
11222424
In base 14, what is 208 - -cc4?
10cc
In base 10, what is 8912 + 22?
8934
In base 16, what is -5 - -17a27?
17a22
In base 16, what is -1b + -212fb?
-21316
In base 15, what is 34c + 60?
3ac
In base 8, what is -4002 - 3?
-4005
In base 10, what is 36 + 26749?
26785
In base 11, what is -22 - -96725?
96703
In base 13, what is 3 + 210520?
210523
In base 11, what is 314161 - -1?
314162
In base 8, what is 73 - 77532?
-77437
In base 15, what is -670 - -190?
-4d0
In base 12, what is a + 5506?
5514
In base 5, what is -1423221 - -2?
-1423214
In base 3, what is -212 - -1102211210?
1102210221
In base 6, what is -452 + 1143?
251
In base 16, what is c6 + -2e?
98
In base 3, what is -2201 - 101001?
-110202
In base 3, what is -10000022000 + 2?
-10000021221
In base 15, what is -1147b - 2?
-1147d
In base 4, what is -2301 + -121221?
-130122
In base 11, what is 4a + 137?
186
In base 2, what is 110011001 - -11110101?
1010001110
In base 10, what is -5 + -4568?
-4573
In base 4, what is -2331233231 + 2?
-2331233223
In base 6, what is